remainder when 4182525 is divided by 56?
53
Calculate the remainder when 36333693 is divided by 1931.
1928
Calculate the remainder when 153382 is divided by 5185.
3017
What is the remainder when 4166916 is divided by 2083454?
8
What is the remainder when 22517 is divided by 242?
11
Calculate the remainder when 594544 is divided by 197362.
2458
What is the remainder when 266695 is divided by 42?
37
What is the remainder when 929994 is divided by 870?
834
What is the remainder when 545971 is divided by 545923?
48
What is the remainder when 5220983 is divided by 385?
383
What is the remainder when 195577 is divided by 3495?
3352
What is the remainder when 16761 is divided by 2679?
687
What is the remainder when 104256 is divided by 33111?
4923
Calculate the remainder when 137691637 is divided by 1220.
1217
Calculate the remainder when 19123443 is divided by 4780858.
11
What is the remainder when 80626 is divided by 4944?
1522
Calculate the remainder when 13487536 is divided by 26814.
94
Calculate the remainder when 223345 is divided by 151.
16
Calculate the remainder when 31841637 is divided by 9.
6
Calculate the remainder when 185698 is divided by 463.
35
Calculate the remainder when 1339388 is divided by 3570.
638
Calculate the remainder when 25789 is divided by 12723.
343
What is the remainder when 91217852 is divided by 12?
8
What is the remainder when 40389 is divided by 40210?
179
Calculate the remainder when 23737525 is divided by 35011.
67
Calculate the remainder when 1768339 is divided by 68.
67
Calculate the remainder when 678993 is divided by 135795.
18
What is the remainder when 177845980 is divided by 32?
28
What is the remainder when 3230472 is divided by 9?
3
What is the remainder when 712433 is divided by 88877?
1417
What is the remainder when 157023147 is divided by 5?
2
Calculate the remainder when 606662 is divided by 1743.
98
What is the remainder when 124011 is divided by 852?
471
Calculate the remainder when 568338 is divided by 122.
62
Calculate the remainder when 4768540 is divided by 16.
12
Calculate the remainder when 1159618 is divided by 657.
13
What is the remainder when 17931885 is divided by 1488?
1485
What is the remainder when 1833251 is divided by 102?
5
Calculate the remainder when 267915 is divided by 89218.
261
What is the remainder when 1255938 is divided by 627913?
112
Calculate the remainder when 211938221 is divided by 15.
11
What is the remainder when 412142 is divided by 134?
92
Calculate the remainder when 458573 is divided by 266.
255
Calculate the remainder when 193430 is divided by 2926.
314
What is the remainder when 10352 is divided by 30?
2
What is the remainder when 665773966 is divided by 411?
409
Calculate the remainder when 1699 is divided by 188.
7
What is the remainder when 295268 is divided by 7980?
8
What is the remainder when 448672318 is divided by 9854?
9844
What is the remainder when 585890 is divided by 5?
0
Calculate the remainder when 5530256 is divided by 653.
652
Calculate the remainder when 8720 is divided by 2654.
758
What is the remainder when 45643 is divided by 232?
171
What is the remainder when 154548 is divided by 6719?
11
What is the remainder when 5317232 is divided by 1163?
1159
Calculate the remainder when 276774 is divided by 276756.
18
What is the remainder when 567265 is divided by 17?
9
What is the remainder when 78520 is divided by 838?
586
What is the remainder when 90933 is divided by 29671?
1920
What is the remainder when 1404393 is divided by 14?
11
What is the remainder when 604949 is divided by 60491?
39
Calculate the remainder when 2146768 is divided by 2146765.
3
Calculate the remainder when 97382 is divided by 75.
32
What is the remainder when 2188037 is divided by 906?
47
What is the remainder when 1258709 is divided by 170?
29
Calculate the remainder when 2696906 is divided by 134.
22
What is the remainder when 181997 is divided by 90296?
1405
Calculate the remainder when 4200320 is divided by 2100120.
80
Calculate the remainder when 1536317 is divided by 2335.
2222
What is the remainder when 50043025 is divided by 2585?
10
What is the remainder when 9200 is divided by 4055?
1090
What is the remainder when 8819895 is divided by 6743?
51
What is the remainder when 501209 is divided by 782?
729
Calculate the remainder when 971772 is divided by 509.
91
Calculate the remainder when 802185 is divided by 10027.
25
Calculate the remainder when 12492025 is divided by 1421.
14
Calculate the remainder when 3600677 is divided by 45008.
37
Calculate the remainder when 155439 is divided by 320.
239
What is the remainder when 1765828 is divided by 110363?
20
Calculate the remainder when 321471 is divided by 83.
12
What is the remainder when 855656 is divided by 7513?
6687
Calculate the remainder when 135635 is divided by 720.
275
What is the remainder when 5483 is divided by 4987?
496
Calculate the remainder when 90798548 is divided by 69.
68
What is the remainder when 20054598 is divided by 394?
392
What is the remainder when 2601717 is divided by 3930?
57
Calculate the remainder when 9570826 is divided by 2392706.
2
What is the remainder when 104850 is divided by 25981?
926
Calculate the remainder when 4969500 is divided by 26.
16
What is the remainder when 22290136 is divided by 96?
88
What is the remainder when 3197442 is divided by 3048?
90
Calculate the remainder when 1977991 is divided by 8.
7
What is the remainder when 2624378 is divided by 39763?
20
What is the remainder when 29343 is divided by 1556?
1335
Calculate the remainder when 35699 is divided by 17377.
945
What is the remainder when 2943174 is divided by 2009?
1998
Calculate the remainder when 53567110 is divided by 23.
18
Calculate the remainder when 56730235 is divided by 3528.
3523
What is the remainder when 61544 is divided by 30357?
830
What is the remainder when 3867491 is divided by 442?
433
Calculate the remainder when 9260933 is divided by 13599.
14
Calculate the remainder when 53021492 is divided by 227560.
12
What is the remainder when 40057527 is divided by 5722503?
6
Calculate the remainder when 223482028 is divided by 10.
8
What is the remainder when 3720119 is divided by 435?
434
Calculate the remainder when 303240269 is divided by 5010.
5009
What is the remainder when 11259010 is divided by 122?
118
Calculate the remainder when 1226936 is divided by 3334.
24
Calculate the remainder when 478703 is divided by 31.
1
Calculate the remainder when 51718886 is divided by 33.
32
What is the remainder when 120511 is divided by 625?
511
What is the remainder when 263763 is divided by 6594?
3
What is the remainder when 92654270 is divided by 243827?
10
What is the remainder when 919104 is divided by 85?
84
Calculate the remainder when 168424 is divided by 1075.
724
What is the remainder when 152809 is divided by 2151?
88
What is the remainder when 10087588 is divided by 3362529?
1
Calculate the remainder when 154735 is divided by 4985.
200
Calculate the remainder when 84860271 is divided by 9113.
15
Calculate the remainder when 1491369 is divided by 158.
7
What is the remainder when 115681 is divided by 450?
31
Calculate the remainder when 99369 is divided by 667.
653
What is the remainder when 51145 is divided by 1181?
362
What is the remainder when 11489 is divided by 10459?
1030
Calculate the remainder when 396872 is divided by 303.
245
Calculate the remainder when 9302983 is divided by 3528.
3175
Calculate the remainder when 431822 is divided by 32.
14
What is the remainder when 1173445 is divided by 15578?
5095
What is the remainder when 831499 is divided by 277126?
121
Calculate the remainder when 12942702 is divided by 6471277.
148
Calculate the remainder when 210685 is divided by 210600.
85
Calculate the remainder when 128116 is divided by 51.
4
Calculate the remainder when 14992526 is divided by 1665836.
2
Calculate the remainder when 16829099 is divided by 150.
149
Calculate the remainder when 2645970 is divided by 61533.
51
Calculate the remainder when 6022739 is divided by 286796.
23
What is the remainder when 1085999 is divided by 135738?
95
Calculate the remainder when 261601 is divided by 984.
841
What is the remainder when 3460912 is divided by 1153635?
7
What is the remain